{"id":1413,"date":"2019-08-23T22:29:47","date_gmt":"2019-08-23T20:29:47","guid":{"rendered":"https:\/\/bsci.de\/cms\/?page_id=1413"},"modified":"2021-09-01T16:10:12","modified_gmt":"2021-09-01T14:10:12","slug":"uebungen","status":"publish","type":"page","link":"https:\/\/bsci.de\/cms\/training\/uebungen\/","title":{"rendered":"\u00dcbungen"},"content":{"rendered":"\nDie Originale und die M\u00f6glichkeit f\u00fcr Kommentare findest Du unter werner-zimmerer.de.\n\n\n\n\n\n\n\nLevel 1\n\n\n\n\n\n\n\nLevel 2\n\n\n\n\n\n\n\nLevel 3\n\n\n\n\n <a href=\"https:\/\/bsci.de\/cms\/training\/uebungen\/\" class=\"more-link\">........... Read more [...]<\/a>","protected":false},"excerpt":{"rendered":"<p>Die Originale und die M\u00f6glichkeit f\u00fcr Kommentare findest Du unter werner-zimmerer.de. Level 1 Level 2 Level 3 ........... Read more [...]<\/p>\n","protected":false},"author":2,"featured_media":0,"parent":82,"menu_order":25,"comment_status":"closed","ping_status":"closed","template":"page-fullwidth.php","meta":{"footnotes":""},"class_list":["post-1413","page","type-page","status-publish","hentry"],"yoast_head":"<!-- This site is optimized with the Yoast SEO plugin v27.4 - https:\/\/yoast.com\/product\/yoast-seo-wordpress\/ -->\n<title>\u00dcbungen - BSCI<\/title>\n<meta name=\"robots\" content=\"index, follow, max-snippet:-1, max-image-preview:large, max-video-preview:-1\" \/>\n<link rel=\"canonical\" href=\"https:\/\/bsci.de\/cms\/training\/uebungen\/\" \/>\n<meta property=\"og:locale\" content=\"de_DE\" \/>\n<meta property=\"og:type\" content=\"article\" \/>\n<meta property=\"og:title\" content=\"\u00dcbungen - BSCI\" \/>\n<meta property=\"og:description\" content=\"Die Originale und die M\u00f6glichkeit f\u00fcr Kommentare findest Du unter werner-zimmerer.de. Level 1 Level 2 Level 3 ........... Read more [...]\" \/>\n<meta property=\"og:url\" content=\"https:\/\/bsci.de\/cms\/training\/uebungen\/\" \/>\n<meta property=\"og:site_name\" content=\"BSCI\" \/>\n<meta property=\"article:publisher\" content=\"https:\/\/www.facebook.com\/BSC.Ingolstadt\" \/>\n<meta property=\"article:modified_time\" content=\"2021-09-01T14:10:12+00:00\" \/>\n<meta property=\"og:image\" content=\"https:\/\/bsci.de\/cms\/wp-content\/uploads\/2017\/08\/BSCI-Wappen.png\" \/>\n\t<meta property=\"og:image:width\" content=\"200\" \/>\n\t<meta property=\"og:image:height\" content=\"200\" \/>\n\t<meta property=\"og:image:type\" content=\"image\/png\" \/>\n<meta name=\"twitter:label1\" content=\"Gesch\u00e4tzte Lesezeit\" \/>\n\t<meta name=\"twitter:data1\" content=\"1\u00a0Minute\" \/>\n<script type=\"application\/ld+json\" class=\"yoast-schema-graph\">{\"@context\":\"https:\\\/\\\/schema.org\",\"@graph\":[{\"@type\":\"WebPage\",\"@id\":\"https:\\\/\\\/bsci.de\\\/cms\\\/training\\\/uebungen\\\/\",\"url\":\"https:\\\/\\\/bsci.de\\\/cms\\\/training\\\/uebungen\\\/\",\"name\":\"\u00dcbungen - BSCI\",\"isPartOf\":{\"@id\":\"https:\\\/\\\/bsci.de\\\/cms\\\/#website\"},\"datePublished\":\"2019-08-23T20:29:47+00:00\",\"dateModified\":\"2021-09-01T14:10:12+00:00\",\"breadcrumb\":{\"@id\":\"https:\\\/\\\/bsci.de\\\/cms\\\/training\\\/uebungen\\\/#breadcrumb\"},\"inLanguage\":\"de\",\"potentialAction\":[{\"@type\":\"ReadAction\",\"target\":[\"https:\\\/\\\/bsci.de\\\/cms\\\/training\\\/uebungen\\\/\"]}]},{\"@type\":\"BreadcrumbList\",\"@id\":\"https:\\\/\\\/bsci.de\\\/cms\\\/training\\\/uebungen\\\/#breadcrumb\",\"itemListElement\":[{\"@type\":\"ListItem\",\"position\":1,\"name\":\"Startseite\",\"item\":\"https:\\\/\\\/bsci.de\\\/cms\\\/\"},{\"@type\":\"ListItem\",\"position\":2,\"name\":\"Training\",\"item\":\"https:\\\/\\\/bsci.de\\\/cms\\\/training\\\/\"},{\"@type\":\"ListItem\",\"position\":3,\"name\":\"\u00dcbungen\"}]},{\"@type\":\"WebSite\",\"@id\":\"https:\\\/\\\/bsci.de\\\/cms\\\/#website\",\"url\":\"https:\\\/\\\/bsci.de\\\/cms\\\/\",\"name\":\"BSCI\",\"description\":\"Billard Sport Club Ingolstadt e.V.\",\"potentialAction\":[{\"@type\":\"SearchAction\",\"target\":{\"@type\":\"EntryPoint\",\"urlTemplate\":\"https:\\\/\\\/bsci.de\\\/cms\\\/?s={search_term_string}\"},\"query-input\":{\"@type\":\"PropertyValueSpecification\",\"valueRequired\":true,\"valueName\":\"search_term_string\"}}],\"inLanguage\":\"de\"}]}<\/script>\n<!-- \/ Yoast SEO plugin. -->","yoast_head_json":{"title":"\u00dcbungen - BSCI","robots":{"index":"index","follow":"follow","max-snippet":"max-snippet:-1","max-image-preview":"max-image-preview:large","max-video-preview":"max-video-preview:-1"},"canonical":"https:\/\/bsci.de\/cms\/training\/uebungen\/","og_locale":"de_DE","og_type":"article","og_title":"\u00dcbungen - BSCI","og_description":"Die Originale und die M\u00f6glichkeit f\u00fcr Kommentare findest Du unter werner-zimmerer.de. Level 1 Level 2 Level 3 ........... Read more [...]","og_url":"https:\/\/bsci.de\/cms\/training\/uebungen\/","og_site_name":"BSCI","article_publisher":"https:\/\/www.facebook.com\/BSC.Ingolstadt","article_modified_time":"2021-09-01T14:10:12+00:00","og_image":[{"width":200,"height":200,"url":"https:\/\/bsci.de\/cms\/wp-content\/uploads\/2017\/08\/BSCI-Wappen.png","type":"image\/png"}],"twitter_misc":{"Gesch\u00e4tzte Lesezeit":"1\u00a0Minute"},"schema":{"@context":"https:\/\/schema.org","@graph":[{"@type":"WebPage","@id":"https:\/\/bsci.de\/cms\/training\/uebungen\/","url":"https:\/\/bsci.de\/cms\/training\/uebungen\/","name":"\u00dcbungen - BSCI","isPartOf":{"@id":"https:\/\/bsci.de\/cms\/#website"},"datePublished":"2019-08-23T20:29:47+00:00","dateModified":"2021-09-01T14:10:12+00:00","breadcrumb":{"@id":"https:\/\/bsci.de\/cms\/training\/uebungen\/#breadcrumb"},"inLanguage":"de","potentialAction":[{"@type":"ReadAction","target":["https:\/\/bsci.de\/cms\/training\/uebungen\/"]}]},{"@type":"BreadcrumbList","@id":"https:\/\/bsci.de\/cms\/training\/uebungen\/#breadcrumb","itemListElement":[{"@type":"ListItem","position":1,"name":"Startseite","item":"https:\/\/bsci.de\/cms\/"},{"@type":"ListItem","position":2,"name":"Training","item":"https:\/\/bsci.de\/cms\/training\/"},{"@type":"ListItem","position":3,"name":"\u00dcbungen"}]},{"@type":"WebSite","@id":"https:\/\/bsci.de\/cms\/#website","url":"https:\/\/bsci.de\/cms\/","name":"BSCI","description":"Billard Sport Club Ingolstadt e.V.","potentialAction":[{"@type":"SearchAction","target":{"@type":"EntryPoint","urlTemplate":"https:\/\/bsci.de\/cms\/?s={search_term_string}"},"query-input":{"@type":"PropertyValueSpecification","valueRequired":true,"valueName":"search_term_string"}}],"inLanguage":"de"}]}},"post_mailing_queue_ids":[],"_links":{"self":[{"href":"https:\/\/bsci.de\/cms\/wp-json\/wp\/v2\/pages\/1413","targetHints":{"allow":["GET"]}}],"collection":[{"href":"https:\/\/bsci.de\/cms\/wp-json\/wp\/v2\/pages"}],"about":[{"href":"https:\/\/bsci.de\/cms\/wp-json\/wp\/v2\/types\/page"}],"author":[{"embeddable":true,"href":"https:\/\/bsci.de\/cms\/wp-json\/wp\/v2\/users\/2"}],"replies":[{"embeddable":true,"href":"https:\/\/bsci.de\/cms\/wp-json\/wp\/v2\/comments?post=1413"}],"version-history":[{"count":28,"href":"https:\/\/bsci.de\/cms\/wp-json\/wp\/v2\/pages\/1413\/revisions"}],"predecessor-version":[{"id":2056,"href":"https:\/\/bsci.de\/cms\/wp-json\/wp\/v2\/pages\/1413\/revisions\/2056"}],"up":[{"embeddable":true,"href":"https:\/\/bsci.de\/cms\/wp-json\/wp\/v2\/pages\/82"}],"wp:attachment":[{"href":"https:\/\/bsci.de\/cms\/wp-json\/wp\/v2\/media?parent=1413"}],"curies":[{"name":"wp","href":"https:\/\/api.w.org\/{rel}","templated":true}]}}